{"id":234,"date":"2024-09-11T12:50:17","date_gmt":"2024-09-11T10:50:17","guid":{"rendered":"https:\/\/mariechassang.fr\/?page_id=234"},"modified":"2025-10-28T10:03:34","modified_gmt":"2025-10-28T09:03:34","slug":"about-me","status":"publish","type":"page","link":"https:\/\/mariechassang.fr\/","title":{"rendered":"About Me"},"content":{"rendered":"\t\t<div data-elementor-type=\"wp-page\" data-elementor-id=\"234\" class=\"elementor elementor-234\">\n\t\t\t\t\t\t\t\t\t<section class=\"elementor-section elementor-top-section elementor-element elementor-element-54b6646 elementor-section-boxed elementor-section-height-default elementor-section-height-default\" data-id=\"54b6646\" data-element_type=\"section\">\n\t\t\t\t\t\t<div class=\"elementor-container elementor-column-gap-default\">\n\t\t\t\t\t<div class=\"elementor-column elementor-col-50 elementor-top-column elementor-element elementor-element-a05bcc0\" data-id=\"a05bcc0\" data-element_type=\"column\">\n\t\t\t<div class=\"elementor-widget-wrap elementor-element-populated\">\n\t\t\t\t\t\t\t\t<div class=\"elementor-element elementor-element-a0059bd elementor-widget elementor-widget-image\" data-id=\"a0059bd\" data-element_type=\"widget\" data-widget_type=\"image.default\">\n\t\t\t\t<div class=\"elementor-widget-container\">\n\t\t\t<style>\/*! elementor - v3.11.2 - 22-02-2023 *\/\n.elementor-widget-image{text-align:center}.elementor-widget-image a{display:inline-block}.elementor-widget-image a img[src$=\".svg\"]{width:48px}.elementor-widget-image img{vertical-align:middle;display:inline-block}<\/style>\t\t\t\t\t\t\t\t\t\t\t\t<img loading=\"lazy\" decoding=\"async\" width=\"945\" height=\"1024\" src=\"https:\/\/mariechassang.fr\/wp-content\/uploads\/2024\/09\/Sans-titre-1-3-945x1024.png\" class=\"attachment-large size-large wp-image-269\" alt=\"\" srcset=\"https:\/\/mariechassang.fr\/wp-content\/uploads\/2024\/09\/Sans-titre-1-3-945x1024.png 945w, https:\/\/mariechassang.fr\/wp-content\/uploads\/2024\/09\/Sans-titre-1-3-277x300.png 277w, https:\/\/mariechassang.fr\/wp-content\/uploads\/2024\/09\/Sans-titre-1-3.png 1338w\" sizes=\"auto, 100vw\" \/>\t\t\t\t\t\t\t\t\t\t\t\t\t\t\t<\/div>\n\t\t\t\t<\/div>\n\t\t\t\t<div class=\"elementor-element elementor-element-3ac74ca elementor-widget elementor-widget-image\" data-id=\"3ac74ca\" data-element_type=\"widget\" data-widget_type=\"image.default\">\n\t\t\t\t<div class=\"elementor-widget-container\">\n\t\t\t\t\t\t\t\t\t\t\t\t\t\t\t\t<a href=\"https:\/\/www.linkedin.com\/in\/marie-chassang-090b67131\/\">\n\t\t\t\t\t\t\t<img loading=\"lazy\" decoding=\"async\" width=\"710\" height=\"127\" src=\"https:\/\/mariechassang.fr\/wp-content\/uploads\/2024\/09\/Sans-titre-2.png\" class=\"attachment-large size-large wp-image-286\" alt=\"\" srcset=\"https:\/\/mariechassang.fr\/wp-content\/uploads\/2024\/09\/Sans-titre-2.png 710w, https:\/\/mariechassang.fr\/wp-content\/uploads\/2024\/09\/Sans-titre-2-300x54.png 300w\" sizes=\"auto, 100vw\" \/>\t\t\t\t\t\t\t\t<\/a>\n\t\t\t\t\t\t\t\t\t\t\t\t\t\t\t<\/div>\n\t\t\t\t<\/div>\n\t\t\t\t<div class=\"elementor-element elementor-element-656b02e elementor-widget elementor-widget-image\" data-id=\"656b02e\" data-element_type=\"widget\" data-widget_type=\"image.default\">\n\t\t\t\t<div class=\"elementor-widget-container\">\n\t\t\t\t\t\t\t\t\t\t\t\t\t\t\t\t<a href=\"mailto:mariechassang@gmail.com\">\n\t\t\t\t\t\t\t<img loading=\"lazy\" decoding=\"async\" width=\"646\" height=\"133\" src=\"https:\/\/mariechassang.fr\/wp-content\/uploads\/2024\/09\/Sans-titre-1-4.png\" class=\"attachment-large size-large wp-image-285\" alt=\"\" srcset=\"https:\/\/mariechassang.fr\/wp-content\/uploads\/2024\/09\/Sans-titre-1-4.png 646w, https:\/\/mariechassang.fr\/wp-content\/uploads\/2024\/09\/Sans-titre-1-4-300x62.png 300w\" sizes=\"auto, 100vw\" \/>\t\t\t\t\t\t\t\t<\/a>\n\t\t\t\t\t\t\t\t\t\t\t\t\t\t\t<\/div>\n\t\t\t\t<\/div>\n\t\t\t\t\t<\/div>\n\t\t<\/div>\n\t\t\t\t<div class=\"elementor-column elementor-col-50 elementor-top-column elementor-element elementor-element-c62b5ac\" data-id=\"c62b5ac\" data-element_type=\"column\">\n\t\t\t<div class=\"elementor-widget-wrap elementor-element-populated\">\n\t\t\t\t\t\t\t\t<div class=\"elementor-element elementor-element-a1c1d85 elementor-widget elementor-widget-image\" data-id=\"a1c1d85\" data-element_type=\"widget\" data-widget_type=\"image.default\">\n\t\t\t\t<div class=\"elementor-widget-container\">\n\t\t\t\t\t\t\t\t\t\t\t\t\t\t\t<img loading=\"lazy\" decoding=\"async\" width=\"950\" height=\"379\" src=\"https:\/\/mariechassang.fr\/wp-content\/uploads\/2024\/09\/Sans-titre-1-1-1024x408.png\" class=\"attachment-large size-large wp-image-267\" alt=\"\" srcset=\"https:\/\/mariechassang.fr\/wp-content\/uploads\/2024\/09\/Sans-titre-1-1-1024x408.png 1024w, https:\/\/mariechassang.fr\/wp-content\/uploads\/2024\/09\/Sans-titre-1-1-300x120.png 300w, https:\/\/mariechassang.fr\/wp-content\/uploads\/2024\/09\/Sans-titre-1-1-1536x612.png 1536w, https:\/\/mariechassang.fr\/wp-content\/uploads\/2024\/09\/Sans-titre-1-1.png 1773w\" sizes=\"auto, 100vw\" \/>\t\t\t\t\t\t\t\t\t\t\t\t\t\t\t<\/div>\n\t\t\t\t<\/div>\n\t\t\t\t<div class=\"elementor-element elementor-element-477a935 elementor-widget elementor-widget-text-editor\" data-id=\"477a935\" data-element_type=\"widget\" data-widget_type=\"text-editor.default\">\n\t\t\t\t<div class=\"elementor-widget-container\">\n\t\t\t<style>\/*! elementor - v3.11.2 - 22-02-2023 *\/\n.elementor-widget-text-editor.elementor-drop-cap-view-stacked .elementor-drop-cap{background-color:#818a91;color:#fff}.elementor-widget-text-editor.elementor-drop-cap-view-framed .elementor-drop-cap{color:#818a91;border:3px solid;background-color:transparent}.elementor-widget-text-editor:not(.elementor-drop-cap-view-default) .elementor-drop-cap{margin-top:8px}.elementor-widget-text-editor:not(.elementor-drop-cap-view-default) .elementor-drop-cap-letter{width:1em;height:1em}.elementor-widget-text-editor .elementor-drop-cap{float:left;text-align:center;line-height:1;font-size:50px}.elementor-widget-text-editor .elementor-drop-cap-letter{display:inline-block}<\/style>\t\t\t\t<p>Je suis Marie, chef de projet dans le digital.<\/p><p style=\"caret-color: #352020; color: #352020; font-size: 16px; letter-spacing: 0.4000000059604645px;\">Je suis f\u00e9rue de graphisme et le d\u00e9veloppement web.\u00a0<span style=\"caret-color: #000000; color: #000000; font-size: medium; letter-spacing: normal;\">Je suis dipl\u00f4m\u00e9e d&rsquo;un Master en gestion de projet sp\u00e9cialis\u00e9e dans le secteur num\u00e9rique, je mets un point d\u2019honneur \u00e0 orchestrer des projets qui allient cr\u00e9ativit\u00e9 et efficacit\u00e9. Mon parcours m&rsquo;a permis de d\u00e9velopper des comp\u00e9tences cl\u00e9s dans la coordination d&rsquo;\u00e9quipes, la gestion des d\u00e9lais et des budgets, ainsi que dans l&rsquo;analyse des besoins clients.\u00a0<\/span><\/p><p style=\"caret-color: #352020; color: #352020; font-size: 16px; letter-spacing: 0.4000000059604645px;\"><span style=\"caret-color: #000000; color: #000000; font-size: medium; letter-spacing: normal;\">J&rsquo;ai eu l&rsquo;opportunit\u00e9 de travailler sur divers projets num\u00e9riques, allant du d\u00e9veloppement de sites web \u00e0 la mise en \u0153uvre de strat\u00e9gies digitales. Je suis toujours motiv\u00e9e par de nouveaux d\u00e9fis !<\/span><\/p>\t\t\t\t\t\t<\/div>\n\t\t\t\t<\/div>\n\t\t\t\t<div class=\"elementor-element elementor-element-cfe68d1 elementor-widget elementor-widget-text-editor\" data-id=\"cfe68d1\" data-element_type=\"widget\" data-widget_type=\"text-editor.default\">\n\t\t\t\t<div class=\"elementor-widget-container\">\n\t\t\t\t\t\t\t\t\t\t\t\t\t<\/div>\n\t\t\t\t<\/div>\n\t\t\t\t\t<\/div>\n\t\t<\/div>\n\t\t\t\t\t\t\t<\/div>\n\t\t<\/section>\n\t\t\t\t\t\t\t<\/div>\n\t\t","protected":false},"excerpt":{"rendered":"<p>Je suis Marie, chef de projet dans le digital. Je suis f\u00e9rue de graphisme et le d\u00e9veloppement web.\u00a0Je suis dipl\u00f4m\u00e9e d&rsquo;un Master en gestion de projet sp\u00e9cialis\u00e9e dans le secteur num\u00e9rique, je mets un point d\u2019honneur \u00e0 orchestrer des projets qui allient cr\u00e9ativit\u00e9 et efficacit\u00e9. Mon parcours m&rsquo;a permis de d\u00e9velopper des comp\u00e9tences cl\u00e9s dans &hellip; <\/p>\n<p class=\"link-more\"><a href=\"https:\/\/mariechassang.fr\/\" class=\"more-link\">Lire la suite de<span class=\"screen-reader-text\">\u00ab\u00a0About Me\u00a0\u00bb<\/span><\/a><\/p>\n","protected":false},"author":1,"featured_media":0,"parent":0,"menu_order":0,"comment_status":"closed","ping_status":"closed","template":"","meta":{"episode_type":"","audio_file":"","cover_image":"","cover_image_id":"","duration":"","filesize":"","date_recorded":"","explicit":"","block":"","filesize_raw":"","footnotes":""},"class_list":["post-234","page","type-page","status-publish","hentry"],"_links":{"self":[{"href":"https:\/\/mariechassang.fr\/index.php\/wp-json\/wp\/v2\/pages\/234","targetHints":{"allow":["GET"]}}],"collection":[{"href":"https:\/\/mariechassang.fr\/index.php\/wp-json\/wp\/v2\/pages"}],"about":[{"href":"https:\/\/mariechassang.fr\/index.php\/wp-json\/wp\/v2\/types\/page"}],"author":[{"embeddable":true,"href":"https:\/\/mariechassang.fr\/index.php\/wp-json\/wp\/v2\/users\/1"}],"replies":[{"embeddable":true,"href":"https:\/\/mariechassang.fr\/index.php\/wp-json\/wp\/v2\/comments?post=234"}],"version-history":[{"count":37,"href":"https:\/\/mariechassang.fr\/index.php\/wp-json\/wp\/v2\/pages\/234\/revisions"}],"predecessor-version":[{"id":460,"href":"https:\/\/mariechassang.fr\/index.php\/wp-json\/wp\/v2\/pages\/234\/revisions\/460"}],"wp:attachment":[{"href":"https:\/\/mariechassang.fr\/index.php\/wp-json\/wp\/v2\/media?parent=234"}],"curies":[{"name":"wp","href":"https:\/\/api.w.org\/{rel}","templated":true}]}}